units digit of n?
4
Suppose -1 = -2*s + 3. Let a = 8 - s. Suppose 0 = -a*p + 8*p - 22. What is the units digit of p?
1
Let n = 27 + -31. Let v be 2*((-252)/n - -1). What is the units digit of v/4 + 0 + -3?
9
Suppose 2375 = -13*p + 38*p. What is the units digit of p?
5
Suppose 34*i - 31*i - 6 = 0, 4*i = 3*x - 2185. What is the units digit of x?
1
Let p = 64 - 25. Suppose 0 = p*b - 42*b + 18. What is the units digit of b?
6
Suppose 27*b - 22561 = 16346. What is the tens digit of b?
4
Let l(t) = -t**2 - 17*t - 2. Let a(f) = -2*f - 1. Let j be a(4). What is the units digit of l(j)?
0
Let s = 9 + -12. Let f be 2/s*(-18)/4. Suppose 3*u + 5*g - 127 = 0, f*u - g - 151 = -36. What is the units digit of u?
9
Suppose 0 = 9*g - 4*g - 10. What is the units digit of (-12 + 10)*g*-8?
2
Suppose 7*p - 92862 = -60*p. What is the hundreds digit of p?
3
Let t(g) = 70*g. What is the tens digit of t(8)?
6
Let j be 0/(((-4)/2)/2) - 220. Let y = 371 + j. What is the tens digit of y?
5
Let m be 3/12 - 133/4. Suppose 0 = 4*o + 9 + 235. Let l = m - o. What is the tens digit of l?
2
Suppose x + 2*l - l = 7, -21 = -5*x + 2*l. Suppose -4*z = -x*z + 2. Suppose 0 = q - 6*q + 5*k + 135, -138 = -5*q + z*k. What is the units digit of q?
8
Suppose 2*l = 5*w + 60, 5*l = 2*w - 3*w - 39. Let h = w - -14. Suppose h*n - 54 = -3*n. What is the units digit of n?
8
Let f(h) = 35*h**2 - 22*h + 42. What is the hundreds digit of f(4)?
5
What is the units digit of (57 - 7)*(-3 - (-147)/6)?
5
Let o = -5 - -15. Let m(w) = w**2 + 5*w + 13. Let t(l) = 5*l**2 + 19*l + 52. Let c(b) = -9*m(b) + 2*t(b). What is the units digit of c(o)?
7
Suppose v = -4*v. Suppose 3*c + 6*z + 10 = 7*z, -4*c - 4*z = 8. Let w = v - c. What is the units digit of w?
3
Suppose v = -3*o + 2848, -5*v - 2*o + 4934 = -9332. What is the hundreds digit of v?
8
Suppose 0 = -3*f + 10*f. Suppose 446 = 5*g + 2*y, -3*g + g + y + 173 = f. What is the units digit of g?
8
Suppose -5*v + 9 = -2*v + a, 9 = 3*v - a. Let s be (14 + 0)/((-2)/v). Let w = 31 + s. What is the units digit of w?
0
What is the hundreds digit of -167*(-2)/((-2)/(-19))?
1
Suppose 0*a - 2 = u - 2*a, u - 2 = -2*a. Suppose -3*t - 4*l + 556 = u, -2*t + 5*l + 282 = -81. What is the units digit of t?
4
Suppose -112*i = 3*g - 107*i - 9682, -g = -i - 3238. What is the units digit of g?
4
Suppose -72957 - 89501 = -29*g. What is the hundreds digit of g?
6
Suppose -14*g - 10423 = -1435. What is the hundreds digit of (12/(-36))/(2/g)?
1
Suppose -12*z = -7*z - 10. Suppose -38 = -b - 0*b - c, 225 = 5*b - z*c. What is the units digit of b?
3
Let b(r) = 2*r - 4. Let l be b(7). Let q = 9 + -15. Let f = q + l. What is the units digit of f?
4
Suppose 4*a - 2759 = -3*h, a = -0*a + 2*h + 687. Suppose -5*j = -2*v - a, -j - v + 0*v + 135 = 0. Suppose 0 = 4*s - j - 63. What is the units digit of s?
0
Suppose 4*c = 2*w - 5262, -2*w = -6*c + c - 5265. What is the tens digit of w?
2
Suppose 3*q + 6*s + 64 = s, -5*q - s - 136 = 0. Let v be 108/(-42)*q/6. Suppose 4*w - 152 = -v. What is the tens digit of w?
3
Let n(q) = -q**2 + 5*q - 5. Suppose 4*m = -c + 13, 4*c - 2 = 3*m + 12. Let g be n(c). What is the tens digit of (32/g)/(3/(-15))?
3
Suppose 4*g + 0*t - 5*t = 1069, 3*g - 3*t = 801. What is the units digit of g?
6
Suppose -25*x - 533 + 43483 = 0. What is the tens digit of x?
1
Let y = 96 - 67. Suppose 0 = x - 80 + y. What is the tens digit of x?
5
Let f(g) = -9*g - 81. Let r be f(-20). Let x = -15 + r. What is the units digit of x?
4
Suppose s - 7796 = -2*g, -4*s = 2*g - g - 3912. What is the tens digit of -2*2/(-6) + g/24?
6
Suppose 11 = 3*k + 2. Suppose n = k*s - 8, s = -5*n + 9 - 1. What is the units digit of n?
1
Suppose i + 4 - 3 = 0. Let d(w) = 6*w**2 - 2*w + 4. Let s be d(3). What is the units digit of -1*(s/(-4) + i)?
4
Let n(k) = 8*k - 8. Let l(q) = -22*q + 23. Let v(x) = 3*l(x) + 8*n(x). Suppose 3*z - 5 - 2 = -2*m, -4*z + 12 = 2*m. What is the tens digit of v(m)?
1
Suppose -5*f = 5*g - 4035, 0 = -4*f - 26*g + 28*g + 3258. What is the tens digit of f?
1
Suppose -3*b + 465 = -a, b - 620 = -3*b - 3*a. What is the units digit of b?
5
Let v be 2 + -1 - (8 - 9). Suppose 0 - 8 = 2*s, -v*s = -4*m + 12. What is the units digit of (66/18)/(m/3)?
1
Suppose -z = -4*w + 3*z + 8, -w - z = 6. Let c = 16 + w. Let i = c - 13. What is the units digit of i?
1
Let n = 170 + -163. What is the units digit of n?
7
Let k(l) = -3*l + 12. Let x be k(4). Suppose -h + 3*a = -13, -5*h + x*a + 105 = 5*a. What is the units digit of h?
9
Let b = 114 + 304. What is the tens digit of b?
1
Suppose -1 = 2*b - 35. Suppose 12*p = b*p - 105. What is the tens digit of p?
2
Suppose 119 = 2*d - 429. What is the hundreds digit of d?
2
Let r(q) = q + 14. Suppose -c = -0*c. Let n be r(c). What is the tens digit of 2/(-7) + 144/n?
1
Suppose -4*j - 4*k + 1962 = -k, -5*j + 2*k + 2464 = 0. What is the hundreds digit of j?
4
Let t = -31 - -36. Suppose t*p - 577 - 183 = 0. What is the tens digit of p?
5
Suppose 8 = -2*s - 2*y, 5 = -3*y + 11. What is the hundreds digit of ((-118)/4 + -3 + 4)*s?
1
Let t(r) = 2*r**2 - r + 16. Let y = -34 + 34. What is the units digit of t(y)?
6
Let k(p) be the third derivative of p**5/60 - 7*p**4/12 + 8*p**3/3 + 5*p**2. Let q be k(12). What is the units digit of 26/10*(-3 - q)?
3
Suppose 2160 = 5*d - a + 2*a, 2*d - 864 = 4*a. What is the hundreds digit of d?
4
Let v(t) be the third derivative of 4*t**2 - 1/12*t**4 + 0*t + 0*t**3 + 0. What is the tens digit of v(-6)?
1
Let q(y) = y - 8 + 17*y + 8. What is the tens digit of q(1)?
1
What is the tens digit of 3360/(-144)*258/(-4)?
0
Suppose -4*r + 175 = r. What is the hundreds digit of 7/(r/650) - 2?
1
Suppose 0 = -11*d + 8018 + 1057. What is the tens digit of d?
2
Let h = 10 - 4. Let p be 12*(-2 + 28/h). What is the tens digit of (-8)/(-24) - p/(-3)?
1
Let s = 1223 - 510. What is the tens digit of s?
1
Suppose -2*c - 440 = -s, 64*s - 5*c + 426 = 65*s. What is the units digit of s?
6
Let x be (-264)/(-20)*10/3. Suppose c = 5*z - 17, 2*c = 6*c + 8. Suppose x = z*p + p. What is the units digit of p?
1
Suppose 4*c + 179 = -41. Let u = -21 - c. What is the units digit of u?
4
Suppose u + 5*u - 24 = 0. Let j be 6/u*(-20)/(-5). Suppose 0 = -j*v + v + 210. What is the units digit of v?
2
Suppose 2*b = 2*w - 2, -2 + 11 = 3*w - b. Let d = w + -2. Suppose d*l - 42 = 26. What is the tens digit of l?
3
Let d(k) = k - 5. Let h be d(11). Let z = h + -1. Suppose z*m - 278 = -a, 0*a - 3*a - 230 = -4*m. What is the units digit of m?
6
Suppose -v + 168 = -264. Let j = 60 - 57. What is the tens digit of (-2)/j*v/(-8)?
3
Suppose 35 = -0*y + 7*y. Suppose -5*s = -5*u + 3*u + 167, s = y. What is the tens digit of u?
9
Let h(n) = n**3 + 23*n**2 + 18*n + 68. What is the units digit of h(-21)?
2
Suppose -9 = -v - 3. Suppose 120 = -v*l + 9*l. Suppose -4*u + 3*p = -116, 0 = -2*u - 4*p + l - 4. What is the tens digit of u?
2
Suppose -2*m + m + 2*k + 605 = 0, 0 = -3*m - 3*k + 1833. What is the hundreds digit of m?
6
Let q be 2 - 0 - 144/(-4). Suppose 0 = q*c - 45*c + 1351. What is the hundreds digit of c?
1
Let j be 0 - (-4 + (84 - 2)). Let k = j + 131. What is the units digit of k?
3
Let r(i) = -5*i + 16. Let c(g) = -5*g + 16. Let n(m) = -3*c(m) + 4*r(m). What is the units digit of n(-9)?
1
Let h(c) = c - 6. Let i be h(6). Suppose u - 45 = -i*u. What is the tens digit of u?
4
Suppose 5*g + 388 = 1498. Suppose 150 + g = 6*r. What is the units digit of r?
2
Let m = -4 - -8. Suppose m*r + 6 = 6*r. Suppose 2*i + 9 = r*i. What is the units digit of i?
9
Let m = 1097 + -320. What is the tens digit of m?
7
Let b be 0/5 + -2*(-1 + 0). Suppose b*k - 89 - 4 = -y, -2*k + y = -91. What is the tens digit of k?
4
Let b(o) = 7*o - 27. Suppose -t = 3*w - 44, -8 = -2*w + w - 2*t. What is the units digit of b(w)?
5
Let i be 138/(-1 - 3/6). Let w = 161 + i. What is the units digit of w?
9
Let k be (-16)/(-7) - (-6)/(-21). Let i(x) = 13*x**2 - 6*x + 10. What is the tens digit of i(k)?
5
Let w(c) = -13*c + 384. What is the hundreds digit of w(0)?
3
Suppose 103 - 799 = -6*u. Let f = 227 - u. What is the hundreds digit of f?
1
Let c = -62 + 87. Let v = -101 + c. Let m = -46 - v. What is the tens digit of m?
3
Let i(r) = r**3 + r + 2. Let d be i(0). Suppose -5*v + d*v + 3*x + 291 = 0, 2*v + 4*x = 22